7 = -8, -5*h = o - 11. Let t(y) = 7*y + 2. Calculate the remainder when t(h) is divided by 7.
2
Suppose 5*y - 5*w - 95 = 0, 3*w + 2*w = 4*y - 78. Let b be 29*(3 + -2 + 1). Suppose -b = -d - y. What is the remainder when d is divided by 21?
20
Suppose 36*p - 1822 - 50 = 0. What is the remainder when 356 is divided by p?
44
Let w(a) = 27*a. Let f be w(6). Suppose -f = -7*j + j. Calculate the remainder when j is divided by 12.
3
Let v(m) = m**2 + 12*m - 73. Calculate the remainder when 24 is divided by v(-17).
0
Suppose 3*r = 7*r - 40. Let u be (2/1)/(-2) - 2. Let h = r - u. What is the remainder when 49 is divided by h?
10
Let w(i) = -6*i**3 - 30*i**2 - 10*i - 14. Calculate the remainder when w(-6) is divided by 70.
52
Let d(z) = -z - 6. Let l be d(8). Let n(y) = 2*y + 12. Let a be n(l). Let h(u) = u**2 + 14*u + 7. Calculate the remainder when h(a) is divided by 20.
19
Suppose 2*n + 2*n = 56. Calculate the remainder when n is divided by 2.
0
Suppose 2*g = 13 - 3. Suppose 0 = -g*m - 28 + 63. Calculate the remainder when m is divided by ((-4 - -1) + -2)*-1.
2
Let j = -107 - -101. What is the remainder when 48 is divided by 16/j*42/(-4)?
20
Let u = -540 + 606. Calculate the remainder when 129 is divided by u.
63
Let g = 9 - 6. Let q(z) = 3*z**2 + 5*z - 7. What is the remainder when q(g) is divided by 9?
8
Let p be (68 - (4 - 7)) + -2. Let g = p + -54. What is the remainder when 26 is divided by g?
11
Suppose 2*x = 2*u + 72, -u - 2*x = x + 44. Let i = -8 - u. Calculate the remainder when i is divided by 13.
4
Suppose 36 = 4*t - 2*t. Suppose i + 0*i + 18 = -4*w, 10 = -5*w + 5*i. Let f(j) = 4*j**2 - 4*j - 13. Calculate the remainder when f(w) is divided by t.
13
Let x = -113 + 117. Suppose -97 = p - 4*p - 5*k, -x*p - k + 152 = 0. What is the remainder when 232 is divided by p?
37
Suppose 6*g - 4*g - 10 = 0. Let p = g + 32. What is the remainder when p is divided by 8?
5
Let l be (0 + 0 + (-2)/(-4))*0. Suppose -5*p + 570 = -l*p. Calculate the remainder when p is divided by 39.
36
Suppose -2*n + 113 = 5*v, 0*n + 5 = -5*n. Let u = v + 19. Calculate the remainder when u is divided by 22/(-77) - (-214)/14.
12
Let d = -239 - -250. Suppose -x - 28 = -5*m, -3*x + m - 29 = -3*m. Calculate the remainder when d is divided by 4 + x - 4 - -9.
5
Suppose -243*z + 239*z = -232. Calculate the remainder when 87 is divided by z.
29
Suppose 5*a + 59 = -n + 270, 4*a - 166 = 2*n. Let u = a + -33. What is the remainder when 50 is divided by u?
5
Suppose 2*n = 3*o - n - 69, o + 1 = -5*n. What is the remainder when o is divided by ((-6)/15)/(22/(-385))?
5
Let v be -4 - 9*2/(-3). Suppose -88 = 5*c + v*b, -3*c + 5*b - 32 = b. Let k = -4 - c. What is the remainder when k is divided by 5?
2
What is the remainder when 436 is divided by (6/(-5))/(6/(-200))?
36
Let d = -557 + 561. Calculate the remainder when 58 is divided by d.
2
Let s = 407 + -374. Calculate the remainder when 45 is divided by s.
12
Let z be (-1)/(3/69*1) + -1. Let o = 34 + z. What is the remainder when o is divided by 5?
0
Suppose 2*y - 22 = -2. Let v = -84 + 143. What is the remainder when v is divided by y?
9
Let m(l) = -5*l - 7. Let z(d) = d**3 + 8*d**2 + d - 1. Let r be z(-8). Let x = -21 + 35. What is the remainder when m(r) is divided by x?
10
Let z = -12 + 16. Suppose p - 3*p = -z. What is the remainder when 22 is divided by (-3 - -3) + 3*p?
4
What is the remainder when 202 is divided by (17*20)/5 + 0?
66
Suppose 0*h + 4*h = 540. Suppose 0*w + 4*w = -2*j - 42, -5*j + 5*w = h. Let c = j + 34. What is the remainder when c is divided by 4?
1
Let j be (-1)/2 - 34/4. Let a = j + 14. Suppose a*b + 4*t - 14 = -2, -5*t - 10 = 0. Calculate the remainder when 5 is divided by b.
1
Let k(h) = 2*h**2 - 4*h - 4. Let r be k(4). Let y(t) = -1 - 7*t - 2*t**2 + 3*t**2 + 4. Calculate the remainder when y(r) is divided by 22.
19
Let q = 3 - 5. Let v(w) = -12*w + 38. What is the remainder when ((-1)/(-3))/(q/(-12)) is divided by v(3)?
0
Suppose -405 = -5*a + 2*o, o - 420 = -5*a + 6*o. What is the remainder when a is divided by 29?
21
Suppose -5*f = -7 + 2. Let r = -29 - -49. Calculate the remainder when (-3)/f*418/(-33) is divided by r.
18
What is the remainder when ((-345)/30 + 14)*(-394)/(-5) is divided by 50?
47
What is the remainder when 188 is divided by (5 - 1 - 105/6)*-2?
26
Let c(w) = -w**2 - 16*w + 104. What is the remainder when c(-19) is divided by 16?
15
Suppose 15 = 3*i - 5*c - 10, -43 = -4*i - 3*c. Suppose -m + 5*b = -1 - i, 0 = 3*m + 4*b - 14. Calculate the remainder when 46 is divided by m.
4
What is the remainder when (0 - (-188)/3)*3 is divided by 27?
26
Let b be (-1 - 1) + (-4)/(-2). Let d(y) = 4*y - y - 15*y**2 + b + 127*y**2 + 2. Calculate the remainder when d(-1) is divided by 28.
27
Let c(m) be the second derivative of -m**3/3 + 5*m**2/2 + 67*m. Suppose -h - 1 = l, -4*h = -4*l + 2*l + 28. Calculate the remainder when 29 is divided by c(h).
14
Let o = -27 - -35. What is the remainder when (-99)/6*1*o/(-3) is divided by 13?
5
Suppose 2*k + 10 = k - 5*p, k - 5*p = 30. Let o = -19 + 32. Suppose -6 = -o*q + 12*q. What is the remainder when k is divided by q?
4
Suppose 14*r - 20*r + 2004 = 0. Calculate the remainder when r is divided by 28.
26
Let y = 16 + -1. Let r(x) = 35*x + 1128. What is the remainder when r(-31) is divided by y?
13
Suppose -1081 = 5*t - 4926. What is the remainder when t is divided by 77?
76
Let j = -59 + 99. Suppose 3*k + k - j = 0. What is the remainder when 47 is divided by k?
7
Suppose 31 = -6*u - 479. Let j = 94 + u. What is the remainder when 51 is divided by j?
6
Let x(h) = -h**2 - 2*h - 2*h - 5 - 2*h. Let q be x(-4). Suppose 2*k - 2*s - 196 = -2*k, -148 = -q*k + s. What is the remainder when k is divided by 13?
11
Suppose 4*m + 4*j - 345 = -49, 0 = -2*m - j + 147. Calculate the remainder when m is divided by 25.
23
Let i be 1 + (-10)/(-3) + (-2)/6. Suppose -3*x + i = -11. Let f = 63 - 44. What is the remainder when f is divided by x?
4
Let b(o) = -14*o - 668. Calculate the remainder when b(-54) is divided by 17.
3
Let g be 10 + -10 - 2*-10. Calculate the remainder when 6/(-8) - (-515)/g is divided by 7.
4
Let o(d) = -d**3 + 2*d**2 - 10. Let a be o(-4). Let s = 113 - a. Suppose 3*u - 241 = 3*l - 5*l, 3*u - 211 = 4*l. Calculate the remainder when u is divided by s.
23
Let s(c) = 3*c + 12. Suppose -6 = 3*g, 44 = 2*o - 4*g + 10. Let w = 22 - o. What is the remainder when s(w) is divided by 14?
11
Let x = 25 + -14. Let h = x + 40. What is the remainder when h is divided by 27?
24
What is the remainder when 1776/9 - 1/3 is divided by 20?
17
Let k(a) = -6*a**2 + 146*a - 7. Let f = 8 + -2. Calculate the remainder when k(24) is divided by f.
5
Let g(t) = -7*t**2 + 136*t - 24. What is the remainder when g(19) is divided by 14?
5
Calculate the remainder when (-193*(-3)/(-6))/(24/(-48)) is divided by 49.
46
Let a(n) = 72*n + 1019. What is the remainder when 238 is divided by a(-13)?
72
Let l = -27 + 42. Suppose 7*o - l = 2*o. Suppose o*m + 2*m - 120 = 0. Calculate the remainder when 95 is divided by m.
23
Let y = 236 - 233. What is the remainder when 47 is divided by y?
2
Let b be (1 - 1)/(0 - 1). Suppose 0 = -b*a + 2*a - 246. Suppose -a = -4*l - 11. What is the remainder when l is divided by 10?
8
Suppose -25*m - 6 = -28*m. Suppose 3*l + l - 162 = -m*x, 5*l - 4*x - 170 = 0. Let j(g) = 2*g**2. What is the remainder when l is divided by j(2)?
6
Let n(x) = -24*x**2 + 15*x + 11. Let g(z) = -8*z**2 + 5*z + 4. Let t(a) = 8*g(a) - 3*n(a). Calculate the remainder when t(3) is divided by 30.
26
Suppose 3*y - 5 - 10 = 0. Suppose y*r = -4 + 14, 4*f - 82 = r. Let u = -13 + f. What is the remainder when 21 is divided by u?
5
Let g = 89 - -12. Let a = -1005 - -1022. Calculate the remainder when g is divided by a.
16
What is the remainder when 216 is divided by (75/(-45))/(-1 + 132/135)?
66
Suppose 3*f = 3*k - 17 - 91, -2*k = -4*f - 152. Let g be (-184)/f - (-3)/(-5). Let l = g + 14. What is the remainder when 69 is divided by l?
15
Suppose 13*p = 10*p + 3*q + 120, -5*q = 2*p - 45. Calculate the remainder when p is divided by 17.
1
Let y(r) = -r**3 + 6*r**2 + 5. Let l(f) = f**2 - 14*f + 1. Let i be l(14). Let g be i - 1/(3/(-15)). Calculate the remainder when 18 is divided by y(g).
3
Suppose 102 = 3*z